se 11) to base 14.
-3
Convert -15 (base 8) to base 3.
-111
What is -11 (base 7) in base 14?
-8
Convert 1 (base 15) to base 6.
1
Convert 18 (base 15) to base 3.
212
What is 2 (base 10) in base 2?
10
212 (base 7) to base 12
8b
-40 (base 6) to base 7
-33
Convert 9 (base 12) to base 2.
1001
What is 7 (base 11) in base 13?
7
-82 (base 11) to base 12
-76
Convert b (base 12) to base 2.
1011
Convert 4 (base 11) to base 7.
4
30 (base 4) to base 6
20
Convert -14b (base 14) to base 15.
-128
What is -7d (base 14) in base 12?
-93
Convert 3d (base 16) to base 13.
49
Convert 7a (base 12) to base 4.
1132
Convert 3232 (base 4) to base 5.
1423
What is 11 (base 3) in base 9?
4
What is -71 (base 8) in base 13?
-45
2 (base 9) to base 13
2
0 (base 10) to base 14
0
Convert -5 (base 9) to base 11.
-5
Convert -22 (base 3) to base 13.
-8
20 (base 5) to base 7
13
Convert -12b (base 16) to base 2.
-100101011
-c (base 16) to base 11
-11
Convert -14 (base 15) to base 13.
-16
3 (base 7) to base 12
3
Convert -5 (base 14) to base 15.
-5
Convert -16 (base 14) to base 16.
-14
Convert 5 (base 10) to base 11.
5
What is -3 (base 8) in base 10?
-3
Convert -10 (base 5) to base 14.
-5
5 (base 9) to base 12
5
Convert 223 (base 7) to base 11.
a5
Convert -3b (base 15) to base 3.
-2002
Convert -1002 (base 4) to base 7.
-123
-15 (base 8) to base 7
-16
1c (base 15) to base 11
25
-100 (base 2) to base 7
-4
What is 19 (base 15) in base 12?
20
Convert -1 (base 11) to base 8.
-1
141 (base 7) to base 4
1032
What is 2 (base 15) in base 5?
2
What is -8 (base 10) in base 8?
-10
Convert -130 (base 13) to base 9.
-251
Convert 120 (base 5) to base 4.
203
-4b (base 15) to base 8
-107
17 (base 15) to base 11
20
What is -75 (base 10) in base 7?
-135
Convert 12 (base 10) to base 15.
c
What is 222 (base 3) in base 11?
24
What is 11 (base 15) in base 9?
17
10 (base 3) to base 4
3
-225 (base 12) to base 5
-2232
What is -1 (base 2) in base 10?
-1
Convert 1 (base 11) to base 8.
1
What is 2002 (base 4) in base 15?
8a
1101111 (base 2) to base 9
133
Convert -3 (base 14) to base 7.
-3
Convert 7 (base 14) to base 7.
10
What is -11 (base 8) in base 4?
-21
-9 (base 12) to base 9
-10
What is -131 (base 4) in base 2?
-11101
What is -2 (base 5) in base 6?
-2
What is 4 (base 13) in base 3?
11
27 (base 9) to base 4
121
What is -1001100 (base 2) in base 3?
-2211
What is 0 (base 2) in base 7?
0
What is -4 (base 9) in base 13?
-4
-4 (base 14) to base 5
-4
What is 5 (base 6) in base 3?
12
What is 1024 (base 5) in base 13?
a9
-11 (base 4) to base 6
-5
Convert -2 (base 6) to base 3.
-2
What is 11000 (base 3) in base 14?
7a
What is 110101 (base 2) in base 12?
45
4 (base 10) to base 8
4
-3 (base 14) to base 5
-3
What is 3 (base 14) in base 16?
3
-1 (base 4) to base 8
-1
What is -5 (base 7) in base 13?
-5
-222 (base 6) to base 14
-62
Convert 25 (base 13) to base 5.
111
What is -36 (base 11) in base 5?
-124
-149 (base 11) to base 16
-ae
1002 (base 7) to base 3
110210
-2 (base 7) to base 14
-2
Convert -13 (base 10) to base 6.
-21
61 (base 15) to base 8
133
-3a (base 14) to base 15
-37
0 (base 15) to base 4
0
What is 1 (base 9) in base 14?
1
131 (base 8) to base 14
65
Convert -11 (base 11) to base 9.
-13
What is -3 (base 14) in base 5?
-3
What is -26 (base 8) in base 14?
-18
What is -2 (base 8) in base 13?
-2
What is -33 (base 6) in base 14?
-17
What is -81 (base 16) in base 2?
-10000001
What is 5 (base 15) in base 9?
5
-1000 (base 3) to base 12
-23
Convert -233 (base 4) to base 10.
-47
Convert 1 (base 3) to base 13.
1
What is 1013 (base 4) in base 13?
56
What is 5 (base 14) in base 7?
5
What is 2 (base 10) in base 8?
2
What is -3 (base 4) in base 3?
-10
What is 128 (base 9) in base 13?
83
What is 45 (base 6) in base 3?
1002
What is 4 (base 8) in base 9?
4
What is 11 (base 2) in base 8?
3
Convert -100001000 (base 2) to base 16.
-108
-1 (base 12) to base 5
-1
What is -4 (base 13) in base 16?
-4
Convert 1 (base 11) to base 14.
1
What is 50 (base 10) in base 6?
122
Convert -7 (base 13) to base 16.
-7
Convert -1 (base 8) to base 9.
-1
-1 (base 14) to base 3
-1
Convert 1b8 (base 13) to base 15.
165
Convert -4 (base 12) to base 6.
-4
What is -3 (base 4) in base 5?
-3
-13 (base 14) to base 2
-10001
What is 20 (base 7) in base 16?
e
What is -b (base 12) in base 4?
-23
Convert -1001 (base 4) to base 10.
-65
What is 20 (base 9) in base 5?
33
0 (base 2) to base 12
0
What is 101 (base 2) in base 12?
5
What is 1 (base 4) in base 8?
1
What is 2a (base 16) in base 11?
39
-1000 (base 2) to base 9
-8
What is -4 (base 13) in base 12?
-4
Convert -6 (base 10) to base 3.
-20
102 (base 3) to base 12
b
What is -22 (base 6) in base 15?
-e
19 (base 12) to base 3
210
What is -36 (base 9) in base 3?
-1020
6 (base 14) to base 6
10
What is -1101101 (base 2) in base 15?
-74
Convert 123 (base 6) to base 7.
102
What is 11 (base 9) in base 2?
1010
What is -9 (base 15) in base 6?
-13
What is -53 (base 14) in base 15?
-4d
What is 1 (base 11) in base 12?
1
Convert -24 (base 10) to base 12.
-20
What is -18 (base 11) in base 16?
-13
-5 (base 6) to base 5
-10
What is 1030 (base 4) in base 5?
301
-4 (base 7) to base 5
-4
What is 3 (base 7) in base 15?
3
-34 (base 16) to base 13
-40
Convert 13 (base 16) to base 5.
34
What is 17 (base 15) in base 13?
19
What is 101111 (base 2) in base 9?
52
12 (base 3) to base 8
5
-122 (base 3) to base 15
-12
What is -4b (base 13) in base 3?
-2100
Convert -17 (base 10) to base 11.
-16
Convert 301 (base 5) to base 2.
1001100
Convert 0 (base 2) to base 6.
0
-8 (base 13) to base 7
-11
25 (base 10) to base 11
23
Convert 27 (base 16) to base 14.
2b
What is 161 (base 12) in base 7?
430
35 (base 10) to base 6
55
-11 (base 3) to base 13
-4
-2 (base 5) to base 2
-10
What is 1 (base 9) in base 8?
1
-10 (base 9) to base 4
-21
-22 (base 4) to base 6
-14
-5 (base 6) to base 16
-5
3 (base 7) to base 16
3
Convert -1 (base 3) to base 4.
-1
4 (base 12) to base 7
4
Convert -32 (base 12) to base 9.
-42
-9 (base 11) to base 2
-1001
What is 2 (base 9) in base 10?
2
What is 4 (base 6) in base 14?
4
What is -3 (base 9) in base 14?
-3
What is 3110 (base 4) in base 9?
255
44 (base 8) to base 10
36
1 (base 14) to base 13
1
What is 5 (base 15) in base 9?
5
What is -510 (base 7) in base 11?
-20a
0 (base 7) to base 3
0
What is 30 (base 6) in base 13?
15
What is -1010 (base 2) in base 16?
-a
What is -1 (base 10) in base 3?
-1
110 (base 6) to base 8
52
What is -3 (base 15) in base 13?
-3
Convert 19 (base 13) to base 15.
17
Convert 2 (base 12) to base 4.
2
Convert -3 (base 9) to base 16.
-3
What is -13 (base 14) in base 5?
-32
What is -2 (base 7) in base 5?
-2
What is 27 (base 8) in base 10?
23
What is 5 (base 6) in base 8?
5
3 (base 5) to base 4
3
Convert -233 (base 4) to base 13.
-38
-43 (base 5) to base 12
-1b
3 (base 14) to base 2
11
Convert -4a (base 16) to base 4.
-1022
What is -23 (base 12) in base 11?
-25
What is -7 (base 15) in base 12?
-7
Convert -10 (base 7) to base 4.
-13
Convert 104 (base 5) to base 3.
1002
What is -12 (base 13) in base 2?
-1111
What is -87 (base 10) in base 5?
-322
10000 (base 3) to base 12
69
Convert -26 (base 10) to base 5.
-101
What is -41 (base 15) in base 2?
-111101
-124 (base 7) to base 8
-103
Convert -122 (base 5) to base 6.
-101
Convert 1 (base 4) to base 7.
1
-2 (base 14) to base 16
-2
-2 (base 10) to base 12
-2
What is 15 (base 16) in base 11?
1a
What is 134 (base 15) in base 9?
334
Convert -201 (base 3) to base 11.
-18
What is -2 (base 16) in base 2?
-10
2 (base 4) to base 12
2
34 (base 13) to base 3
1121
Convert -22 (base 10) to base 5.
-42
What is -2 (base 4) in base 13?
-2
What is -2 (base 14) in base 7?
-2
30 (base 10) to base 9
33
0 (base 3) to base 10
0
Convert 3 (base 13) to base 3.
10
What is -3 (base 13) in base 11?
-3
Convert c2 (base 13) to base 3.
12212
Convert -133 (base 11) to base 8.
-235
What is -3 (base 14) in base 7?
-3
What is 432 (base 5) in base 15?
7c
12 (base 9) to base 12
b
What is -20 (base 4) in base 3?
-22
40 (base 12) to base 7
66
Convert 12 (base 12) to base 16.
e
-155 (base 6) to base 15
-4b
-110000 (base 2) to base 11
-44
3 (base 7) to base 14
3
What is -1a (base 13) in base 16?
-17
What is -2 (base 14) in base 16?
-2
Convert 0 (base 6) to base 13.
0
Convert 100 (base 3) to base 12.
9
Convert -1